- 10*v**2 + 14*v + 1. Determine o(8).
-15
Let w(s) = -3*s + 19. Calculate w(7).
-2
Let t(d) = -26*d - 1. Give t(-1).
25
Let w(d) = 9*d**3 - 7*d**2 + d - 3. What is w(1)?
0
Let g(z) = z**3 + 6*z**2 + 4*z + 1. Determine g(-5).
6
Let o(h) = -h**2 + 10*h + 6. Determine o(8).
22
Let u(m) = -m**2 - 9*m - 3. Give u(-10).
-13
Let n(d) = 12*d**3 - 4*d + 1. Determine n(2).
89
Let j(v) = -v**3 - 15*v**2 + 4. Give j(-15).
4
Let x(v) = -v**3 + 6*v**2 + 4*v - 2. What is x(7)?
-23
Let v(o) = 8*o**2 - o + 1. Give v(-1).
10
Let s(k) = -4*k**2 - k + 4. Give s(3).
-35
Let g(m) = -5*m - 20. Determine g(0).
-20
Let q(m) = -m**3 - 15*m**2 + 1. What is q(-15)?
1
Let q(n) = n**2 - 11*n - 6. Determine q(15).
54
Let h(x) = -x**3 + x**2 - x - 122. Calculate h(0).
-122
Let u(j) = j**3 - 10*j**2 + 14. Give u(10).
14
Let n(p) = -3*p + 3. What is n(2)?
-3
Let m(t) = 4*t + 124. Calculate m(-32).
-4
Let v(j) = j**3 + 7*j**2 - 8*j - 18. Calculate v(-8).
-18
Let r(j) = -j**3 - 47*j**2 - 210*j + 14. Determine r(-42).
14
Let g(n) = n**3 + 5*n**2 - 21*n + 2. Calculate g(-8).
-22
Let n(m) = 2*m**3 + 4*m**2 - 4*m + 1. Give n(-3).
-5
Let x(i) = -8*i + 38. Calculate x(6).
-10
Let z(w) = -w + 2. Give z(2).
0
Let o(h) = -19*h - 116. Determine o(-7).
17
Let c(k) = -14*k**2. What is c(-1)?
-14
Let j(i) = i**3 + 9*i**2 - 8*i + 13. Determine j(-10).
-7
Let v(k) = k**3 - 4*k**2 - 20*k - 4. Give v(7).
3
Let u(q) = -q - 3. Determine u(-15).
12
Let u(c) = 3*c + 7. Give u(-5).
-8
Let v(g) = -g**2 + 11*g - 1. Give v(10).
9
Let s(h) = -h - 3. What is s(-16)?
13
Let g(d) = -d**3 - 12*d**2 - 15*d - 16. Give g(-11).
28
Let s(w) = 5*w**2 - w - 2. Determine s(-1).
4
Let q(n) = 2*n - 6. Give q(6).
6
Let t(s) = -3*s**3 + 11*s**2 + 5*s + 3. Determine t(4).
7
Let l(y) = -y**3 - y**2. Determine l(0).
0
Let s(o) = o**3 - o**2 + o. What is s(2)?
6
Let j(m) = 5*m. Determine j(-1).
-5
Let i(t) = 10*t + 2. Determine i(-5).
-48
Let u(p) = -p - 4. What is u(-2)?
-2
Let w(v) = 5*v**3 - 2*v**2 - v - 2. Give w(2).
28
Let t(o) = -3*o - 6. What is t(-2)?
0
Let j(r) = r**2 + 4*r + 5. Determine j(-5).
10
Let d(q) = 3*q + 6. Calculate d(6).
24
Let s(t) = -t**3 + 5*t + 43. What is s(0)?
43
Let x(h) = h**2 + 37*h - 72. What is x(-39)?
6
Let p(s) = -s**2 + 3*s + 2. Determine p(9).
-52
Let f(m) = -m**2 - 6*m + 12. What is f(-7)?
5
Let x(g) = -g**3 + 11*g**2 + 2*g - 13. Give x(11).
9
Let d(w) = w**3 - 27*w**2 - 31*w + 80. Determine d(28).
-4
Let n(w) = -3*w**3 + 3*w**2 + 2*w - 9. Calculate n(2).
-17
Let l(j) = -2*j**2 - 19*j - 29. What is l(-8)?
-5
Let a(b) = -5*b + 61. Give a(13).
-4
Let s(b) = -b**2 - 9*b - 6. Give s(-5).
14
Let c(a) = -12*a**2 - 10*a - 7. Calculate c(-1).
-9
Let o(f) = -f**3 + 11*f**2 + 23*f - 122. Determine o(12).
10
Let m(i) = -7*i**3 - 2*i**2 + 5*i + 6. Determine m(-2).
44
Let x(t) = -t**2 - 15*t + 10. Give x(-10).
60
Let c(z) = z**2 + 5*z - 5. What is c(-5)?
-5
Let o(y) = -31*y + 274. What is o(9)?
-5
Let a(k) = 11*k**2. Determine a(1).
11
Let s(k) = 8*k + 38. Determine s(-5).
-2
Let w(m) = -m**3 + 2*m**2 + m - 79. What is w(0)?
-79
Let x(d) = -d**2 + 8*d + 29. Give x(11).
-4
Let x(q) = 3*q - 43. Give x(13).
-4
Let r(o) = -9*o**2 + 68*o - 12. What is r(8)?
-44
Let f(r) = -2*r. What is f(15)?
-30
Let a(i) = -i**3 + 22*i**2 + 25*i + 3. Calculate a(23).
49
Let p(l) = 3*l - 19. What is p(7)?
2
Let u(v) = -v - 6. Give u(-7).
1
Let o(j) = -9*j + 2. Give o(-5).
47
Let j(l) = -l**3 - 11*l**2 + l + 15. Determine j(-11).
4
Let a(h) = h**3 + 3*h**2 - 9*h + 7. Calculate a(-5).
2
Let k(j) = -j**2 - 2*j + 16. Calculate k(-8).
-32
Let j(p) = -p**2 + 10*p - 10. Calculate j(8).
6
Let q(h) = -3*h + 8. Calculate q(2).
2
Let o(j) = -4*j**2 + 4*j - 1. What is o(3)?
-25
Let j(m) = -m**2 + 3*m + 1. Give j(4).
-3
Let o(u) = 8*u - 49. Determine o(7).
7
Let c(k) = k**3 + 8*k**2 - 7*k - 18. Give c(-8).
38
Let p(i) = -11*i + 61. Calculate p(4).
17
Let x(k) = k**3 - 26*k**2 + 24*k - 3. What is x(25)?
-28
Let d(q) = 2*q**2 + 30*q - 38. Calculate d(-16).
-6
Let a(r) = r**2 - 5*r + 8. Give a(8).
32
Let z(o) = 3*o - 12. Calculate z(7).
9
Let x(l) = 6*l**2 - 3*l - 1. Determine x(2).
17
Let p(n) = -n - 13. What is p(-9)?
-4
Let c(o) = o**3 + 19*o**2 + 16*o - 25. Determine c(-18).
11
Let i(o) = -o**3 - 2*o**2 + 2*o + 1. Give i(-1).
-2
Let k(s) = 16*s - 6. Give k(2).
26
Let b(j) = -j**3 - 13*j**2 + 47*j - 7. Determine b(-16).
9
Let k(o) = o**3 + 5*o**2 + 4*o + 12. What is k(-4)?
12
Let b(x) = -3*x**2 - 21*x + 32. Give b(-8).
8
Let k(b) = -7*b + 62. What is k(10)?
-8
Let r(q) = q**3 + 6*q**2 - 5*q + 16. What is r(-8)?
-72
Let v(d) = -15*d + 14. Determine v(-2).
44
Let v(f) = -6*f**2 - 9*f. Calculate v(4).
-132
Let k(u) = u**3 + 5*u**2 + 7*u + 23. Calculate k(-4).
11
Let f(p) = p**3 + 6*p**2 - 2*p - 4. Determine f(-6).
8
Let u(k) = -k + 2. Determine u(-6).
8
Let b(m) = m**3 + 9*m**2 + 9*m + 5. Determine b(-7).
40
Let m(x) = -2*x**3 + 14*x**2 - 16*x + 29. Determine m(6).
5
Let d(z) = -z**3 - 2*z**2 - z - 13. Give d(0).
-13
Let h(k) = -5*k**2 + 85*k + 4. Give h(17).
4
Let n(u) = u - 21. Calculate n(-5).
-26
Let o(b) = 25*b + 3. Calculate o(-1).
-22
Let s(f) = -f**3 + 11*f**2 - 10. What is s(11)?
-10
Let q(u) = 12*u + 246. Give q(-20).
6
Let n(f) = -f**3 + 4*f**2 - 2*f - 2. Give n(2).
2
Let r(o) = 3*o**2 + 8*o - 13. Calculate r(2).
15
Let o(d) = d**3 + 13*d**2 - 16*d - 29. What is o(-14)?
-1
Let z(o) = -o**3 + 15*o**2 - 12*o - 31. Determine z(14).
-3
Let h(x) = 4*x**3 + 3*x**2 + 5*x - 7. What is h(1)?
5
Let u(h) = h**2 + 3*h - 7. Determine u(-6).
11
Let v(h) = -13*h + 36. What is v(3)?
-3
Let w(k) = -6*k**3 + 3*k**2 - k - 2. Calculate w(2).
-40
Let n(y) = -4*y - 4. What is n(2)?
-12
Let t(n) = n**3 + 4*n**2 + 4*n - 11. Calculate t(-6).
-107
Let h(x) = -4*x - 4. Give h(-7).
24
Let z(x) = x - 12. Determine z(6).
-6
Let d(f) = -f**3 + 45*f**2 + 19. What is d(45)?
19
Let v(w) = 2*w + 4. What is v(-4)?
-4
Let w(p) = 2*p**2 + p - 4. Give w(0).
-4
Let b(i) = -i**3 - 6*i**2 + 5*i + 4. Calculate b(-6).
-26
Let j(f) = -f**3 - 3*f + 3. Calculate j(-3).
39
Let f(s) = s**3 + s**2 + s - 78. Give f(0).
-78
Let g(l) = l**3 + 5*l**2 - 13*l - 3. Calculate g(-7).
-10
Let i(u) = -14*u**2 - 3*u + 3. Give i(-1).
-8
Let l(z) = -6*z + 5. Calculate l(8).
-43
Let q(j) = 3*j - 21. Calculate q(11).
12
Let y(p) = -5*p**2 + 22*p - 2. What is y(4)?
6
Let l(b) = -b**2 - 17*b - 33. Determine l(-16).
-17
Let b(x) = -97*x - 499. Determine b(-5).
-14
Let s(i) = -6*i**2 - 2*i + 1. What is s(-2)?
-19
Let p(h) = -3*h + 64. Give p(22).
-2
Let q(d) = -2*d**2 + 2. Give q(-1).
0
Let q(g) = -g + 8. Give q(9).
-1
Let z(f) = 4*f + 98. Give z(-25).
-2
Let u(c) = -c**2 + 10*c + 13. Determine u(10).
13
Let z(s) = s**3 + 9*s**2 + 16*s + 11. Determine z(-7).
-3
Let s(j) = j**3 + 30*j**2 - j - 20. What is s(-30)?
10
Let u(p) = 7*p**2 + 4*p. Give u(-3).
51
Let w(i) = i**2 - 6*i + 8. Give w(6).
8
Let s(o) = -61*o + 19. Calculate s(-2).
141
Let d(w) = -w**2 - 22*w - 82. Calculate d(-22).
-82
Let s(f) = 52*f**3 - f**2 + 2*f + 2. Determine s(-1).
-53
Let d(t) = -t - 27. Calculate d(-13).
-14
Let w(q) = -2*q - 17. Determine w(-26).
35
Let n(h) = -h**3 + 18*h**2 - 2*h - 2. Determine n(18).
-38
Let m(l) = l**3 + l**2 - l - 23. What is m(0)?
-23
Let g(z) = -z**2 + 12*z - 12. Determine g(11).
-1
Let r(l) = -2*l + 1. Determine r(3).
-5
Let i(j) = -4*j**3 + 2*j**2 - 4*j - 1. What is i(3)?
-103
Let o(r) = -r**2 - r + 23. What is o(0)?
23
Let y(n) = 2*n**2 - 10*n - 79. Determine y(9).
-7
Let i(y) = y**2 + 4*y + 1. Determine i(-5).
6
Let a(h) = h**2 - 8*h - 47. Give a(-4).
1
Let g(n) = -6*n. Give g(-2).
12
Let g(r) = -51*r - 508. What is g(-10)?
2
Let j(z) = z**3 + 9*z**2 - 10*z - 2. What is j(-10)?
-2
Let q(s) = 2*s - 45. What is q(22)?
-1
Let w(o) = o**2 + 15*o + 46. Determine w(-11).
2
Let i(l) = l**3 + 3*l**2 + 3*l + 7. What is i(-3)?
-2
Let i(s) = 2*s**2 + 46*s - 71. Determine i(-25).
29
Let u(b) = b**2 + 7*b + 4. Calculate u(-2).
-6
Let g(f) = -f**3 + 3*f**2 + 3*f - 3. What is g(-3)?
42
Let n(m) = m**3 - 6*m**2 - 6*m - 10. Give n(7).
-3
Let m(i) = i**3 - 12*i**2. Give m(12).
0
Let l(f) = -6*f**3 + 3*f**2 + 3*f + 3. What is l(-2)?
57
Let g(x) = x**3 + 3*x**2 - 6*x. Determine g(2).
8
Let z(v) = v**2 - 14*v + 20. Determine z(9).
-25
Let n(d) = -d**3 + 10*d**2. Give n(5).
125
Let i(q) = q**2 + 19*q - 40